hat is the greatest common divisor of h and 187?
11
Let y be 4/(-6) + (-612)/(-27). Suppose -h + 8 = -3. What is the highest common factor of y and h?
11
Let v(o) = -7*o**2 + 3*o**2 + 3*o**2 + 10 - 6*o. Let y be v(0). What is the highest common factor of y and 50?
10
Let x = 1057 - 1051. Let w be (-146)/(-3) - 6/9. What is the greatest common divisor of x and w?
6
Let a(h) = -2*h**2 + 17*h - 11. Let b = -17 + 24. Let z be a(b). Calculate the greatest common divisor of 2 and z.
2
Suppose -5*y + 10 = 5*a - 20, 2 = -2*a + 5*y. Suppose a*x - 122 = 46. Let w be 160/4*x/10. What is the greatest common divisor of w and 21?
21
Let f(k) = k**3 + 5*k**2 + 4*k - 5. Let u be f(-4). Let b = 11 + u. Suppose b = -q + 2*q. Calculate the highest common factor of 6 and q.
6
Let b = 2 - 16. Let m = b + 17. Suppose 52 - 22 = m*a. Calculate the highest common divisor of a and 20.
10
Suppose 0 = 23*z - 35 - 241. What is the greatest common factor of z and 20?
4
Suppose 4*j + 7*p = 2*p + 295, -5*p - 230 = -3*j. Suppose -4*d = -5*o - d + j, -85 = -5*o + 5*d. What is the highest common divisor of 4 and o?
4
Suppose 5*t = 3*t + 6. Suppose 7*h = t*h + 108. Let g be 4/1 - -2 - (-9)/3. Calculate the highest common factor of h and g.
9
Let c be (-17)/(-3) - (-14)/(-21). Suppose -6*z = -3*z + 4*a - 71, -c*a = 4*z - 94. Calculate the greatest common divisor of z and 105.
21
Let g be 2/7 - (-383)/7. Let w = 269 + -247. Calculate the highest common factor of w and g.
11
Suppose 2*r - s = -3*r - 21, -18 = 5*r + 2*s. Let f be -20*(41/r - -4). Calculate the greatest common divisor of 75 and f.
25
Let g = 461 - 440. Calculate the highest common divisor of g and 84.
21
Let w be 15*4*(11 + -10). Suppose 4*s = 4*i + w, 5*s + 2*i - 21 = 33. Calculate the greatest common divisor of 84 and s.
12
Let z = 1024 + -998. What is the highest common divisor of z and 403?
13
Suppose -1 + 4 = l. Let n be -1 - (80/(-4) + l). Let u(s) = 144*s**2. Let v be u(-1). Calculate the greatest common divisor of n and v.
16
Let q be ((-4)/(-4))/(2 - 3). Let a(z) = -42*z. Let k be a(q). What is the highest common factor of 28 and k?
14
Suppose 3*n + 5*j = -23, -25 = 4*n + 2*j - j. Let c(z) = -z + 32. Let o be c(n). What is the highest common factor of 342 and o?
38
Suppose -5*w + 2*s = -244, 4*w - 104 = 2*w + 4*s. Let m = w + -43. Calculate the greatest common factor of 5 and m.
5
Suppose 21*d + 184 = 940. Let k = -21 + 30. Calculate the greatest common factor of k and d.
9
Let q(i) = -9*i + 66. Suppose -5*g = v - 8 - 18, v + g = 10. Let c be q(v). Calculate the greatest common divisor of c and 108.
12
Suppose -2*h - 2 = -48. Suppose 4*q = 2*t - 52, 0 = 5*q - 2*q - 15. Let a = t - h. What is the highest common factor of a and 91?
13
Suppose -4*w - 2 = 2*s - 14, -5*s = -2*w - 6. Let d be ((-6)/12)/(s/20). Let n be (24/(-5) - -1)*d. Calculate the greatest common divisor of 95 and n.
19
Suppose -3308 + 734 = -9*o. What is the greatest common divisor of o and 52?
26
Let g = 1896 - 1808. Suppose 4*r - 5*w = -4*w + 28, w + 12 = 2*r. What is the greatest common divisor of r and g?
8
Suppose 327 = 5*a + 4*b, 5*b - 21 = -6. Let j = 0 - -7. Calculate the greatest common divisor of a and j.
7
Suppose 2*k + 125 = 4*k + 5*z, 2*k = -3*z + 131. Let q be k + 3/((-15)/(-10)). What is the highest common divisor of q and 9?
9
Let w(y) = y**2 - 16*y + 69. Let q be w(14). What is the highest common divisor of 41 and q?
41
Let n(o) = 2*o**2 - 2*o + 12. Let p be n(11). Let c be (-5 - -6)*(30 - 1). Calculate the greatest common factor of c and p.
29
Suppose 2*q - 4 = 2*m, -2*m + m = -2*q + 5. Let g be -3 - 0 - (-12 - m). Calculate the greatest common divisor of g and 10.
10
Suppose -49 = -k + 4. Suppose -16 = -3*w + k. Calculate the highest common factor of w and 46.
23
Let t = -40 + 46. Calculate the greatest common factor of t and 750.
6
Let g(i) = -2*i**2 - 34*i - 26. Let w be g(-16). What is the highest common factor of w and 78?
6
Let p(v) = -4*v**3 - v**2 + v - 11. Let t be p(-5). Calculate the highest common factor of 17 and t.
17
Let k be (-9)/48*-156 + (-6)/(-8). Calculate the greatest common divisor of k and 780.
30
Let z be 4/(-14) - (-38)/133. Let s = 12 - -18. Suppose -5*o = -z*o - s. What is the highest common factor of o and 60?
6
Let w(t) = -t + 10. Let o be w(6). Suppose 3*x = 3*z + 27, 4*x + o*z - 64 = z. Calculate the highest common factor of 91 and x.
13
Let c = -81 + 83. Calculate the greatest common divisor of c and 9.
1
Let w(m) = 8*m**2 - 17*m - 43. Let v be w(-12). What is the greatest common divisor of 13 and v?
13
Suppose -f = -0 + 2. Let k = 4 - f. Suppose -q = -0 - 18. What is the highest common divisor of k and q?
6
Suppose -3*w + 8*w = 400. Calculate the highest common divisor of 10 and w.
10
Let j(i) = i**2 - 9*i + 10. Let w be j(8). Suppose -3*f - 15 = -l, 0*l - w*f = l. Calculate the greatest common divisor of l and 24.
6
Let z(a) = -5*a + 5. Let w be z(0). Let x(r) = -34*r. Let j be x(1). Let c = j - -54. What is the highest common divisor of c and w?
5
Let m = 168 + -125. Calculate the greatest common factor of 301 and m.
43
Suppose -2*o = o - 240. Let b = 24 - 22. Suppose -4*u + 3*s + 46 = -b*u, 5*u - 106 = 3*s. Calculate the greatest common factor of o and u.
20
Let i = -6 - -10. Let l = 1457 - 1453. What is the highest common divisor of i and l?
4
Let c(q) = 268*q - 4282. Let z be c(16). Suppose -4 = -d - d. Suppose 2*k = k + d. Calculate the greatest common divisor of z and k.
2
Suppose -5*h + 7*h = 16. Suppose -h*j = -13*j + 75. What is the greatest common factor of j and 5?
5
Let y = -658 + 756. Suppose -2*r = -4*r + 28. Calculate the highest common divisor of y and r.
14
Let p be (-9)/(-1) + (-15)/(-5). Let j = p - -6. What is the highest common factor of j and 6?
6
Let h be 1/1 - (-145)/5. Suppose 0 = v - 30 - h. Let r be (1/2)/(15/360). What is the greatest common divisor of r and v?
12
Let i = -1086 + 1266. What is the highest common divisor of 99 and i?
9
Suppose 100 = 5*t - 5*q, 3*q = 2*t + 6*q - 20. Calculate the highest common factor of 272 and t.
16
Let k = -33 - -27. Let v be k/(-14) + (-316)/(-14). What is the greatest common divisor of 115 and v?
23
Suppose 0 = -46*u + 50*u - 96. Let t be (-4 + 0)/(-2 - (-16)/9). What is the greatest common factor of t and u?
6
Suppose 364 = -3*r + 1378. Calculate the highest common factor of 26 and r.
26
Let z = 7 - -20. Let l be 14/63 - ((-318)/z + 1). Calculate the greatest common divisor of l and 33.
11
Let o(l) be the first derivative of -l**4/2 + 3*l**3 + 7*l**2/2 + 1. Let h be o(5). What is the highest common factor of 30 and h?
10
Let t = 798 - 753. Calculate the highest common factor of t and 5.
5
Let v = 246 - 211. Suppose -4*x + 2*h + 950 = 0, 0*x = -2*x - 3*h + 463. Suppose -y + x = -9. Calculate the greatest common divisor of v and y.
35
Suppose -474*g = 4*l - 476*g - 1748, -g - 1312 = -3*l. What is the greatest common factor of l and 6?
6
Let d = -1051 - -1069. Calculate the highest common factor of d and 162.
18
Let x be -2 + 95 - (-50)/(-10). What is the greatest common divisor of 110 and x?
22
Suppose 7*d = 4*d + 216. Let b(c) = -c**3 + 15*c**2 + 11*c + 15. Let l be b(15). What is the highest common divisor of l and d?
36
Suppose -2*o - 2*o = 2*l - 154, 2*l = -2*o + 162. Let q be 10/l - 98/(-34). Suppose -q*p - p = -36. Calculate the greatest common divisor of p and 63.
9
Suppose 0 = -3*l + 4*t + 54 - 1, t - 39 = -2*l. Let m(h) = -h**3 - 6*h**2 + 15*h - 13. Let o be m(-9). Calculate the greatest common factor of l and o.
19
Suppose 49 - 9 = 20*a. Calculate the highest common divisor of a and 146.
2
Suppose m + y + 4 = -m, 7 = m - 4*y. Let z be 11 - ((-1 - -1) + m). Suppose 2*o = -3*t + 42, 2*o + 2 = t - z. Calculate the highest common divisor of 98 and t.
14
Let u(s) = -s + 33. Let x be u(12). What is the greatest common factor of 91 and x?
7
Suppose -7 + 359 = 8*p. What is the highest common factor of p and 11?
11
Let j(w) = -w**3 - 30*w**2 - w - 3. Let o be j(-30). What is the greatest common divisor of 36 and o?
9
Let t(h) = 12*h - 22. Let p be t(3). Let n = 54 - 12. Calculate the greatest common factor of p and n.
14
Suppose 3*w + 428 = 3728. Suppose 5*i - 3*q - 1092 = 0, -5*i + 5*q + w = -0*q. Calculate the greatest co